{"id":72,"date":"2019-07-01T09:03:44","date_gmt":"2019-07-01T07:03:44","guid":{"rendered":"http:\/\/demo.dithemes.com\/di-restaurant\/?page_id=72"},"modified":"2024-04-11T19:55:17","modified_gmt":"2024-04-11T17:55:17","slug":"zanantoni-cappelli-artigianali-ex-corde-in-manibus-2","status":"publish","type":"page","link":"https:\/\/www.zanantoni.eu\/?page_id=72","title":{"rendered":"Chi siamo"},"content":{"rendered":"\t\t<div data-elementor-type=\"wp-post\" data-elementor-id=\"72\" class=\"elementor elementor-72\" data-elementor-settings=\"[]\">\n\t\t\t\t\t\t<div class=\"elementor-inner\">\n\t\t\t\t\t\t\t<div class=\"elementor-section-wrap\">\n\t\t\t\t\t\t\t<section class=\"elementor-section elementor-top-section elementor-element elementor-element-e074aca elementor-section-full_width elementor-section-height-full elementor-section-height-default elementor-section-items-middle\" data-id=\"e074aca\" data-element_type=\"section\" data-settings=\"{&quot;background_background&quot;:&quot;classic&quot;}\">\n\t\t\t\t\t\t<div class=\"elementor-container elementor-column-gap-default\">\n\t\t\t\t\t\t\t<div class=\"elementor-row\">\n\t\t\t\t\t<div class=\"elementor-column elementor-col-100 elementor-top-column elementor-element elementor-element-99d7d7b\" data-id=\"99d7d7b\" data-element_type=\"column\">\n\t\t\t<div class=\"elementor-column-wrap\">\n\t\t\t\t\t\t\t<div class=\"elementor-widget-wrap\">\n\t\t\t\t\t\t\t\t<\/div>\n\t\t\t\t\t<\/div>\n\t\t<\/div>\n\t\t\t\t\t\t\t\t<\/div>\n\t\t\t\t\t<\/div>\n\t\t<\/section>\n\t\t\t\t<section class=\"elementor-section elementor-top-section elementor-element elementor-element-d31cea1 elementor-section-boxed elementor-section-height-default elementor-section-height-default elementor-invisible\" data-id=\"d31cea1\" data-element_type=\"section\" data-settings=\"{&quot;animation&quot;:&quot;fadeIn&quot;}\">\n\t\t\t\t\t\t<div class=\"elementor-container elementor-column-gap-default\">\n\t\t\t\t\t\t\t<div class=\"elementor-row\">\n\t\t\t\t\t<div class=\"elementor-column elementor-col-100 elementor-top-column elementor-element elementor-element-2b7d2db\" data-id=\"2b7d2db\" data-element_type=\"column\">\n\t\t\t<div class=\"elementor-column-wrap elementor-element-populated\">\n\t\t\t\t\t\t\t<div class=\"elementor-widget-wrap\">\n\t\t\t\t\t\t<div class=\"elementor-element elementor-element-f132f01 elementor-widget elementor-widget-heading\" data-id=\"f132f01\" data-element_type=\"widget\" data-widget_type=\"heading.default\">\n\t\t\t\t<div class=\"elementor-widget-container\">\n\t\t\t<h1 class=\"elementor-heading-title elementor-size-default\">\"EX CORDE IN MANIBUS\"<\/h1>\t\t<\/div>\n\t\t\t\t<\/div>\n\t\t\t\t\t\t<\/div>\n\t\t\t\t\t<\/div>\n\t\t<\/div>\n\t\t\t\t\t\t\t\t<\/div>\n\t\t\t\t\t<\/div>\n\t\t<\/section>\n\t\t\t\t<section class=\"elementor-section elementor-top-section elementor-element elementor-element-25f6d97 elementor-section-boxed elementor-section-height-default elementor-section-height-default\" data-id=\"25f6d97\" data-element_type=\"section\">\n\t\t\t\t\t\t<div class=\"elementor-container elementor-column-gap-default\">\n\t\t\t\t\t\t\t<div class=\"elementor-row\">\n\t\t\t\t\t<div class=\"elementor-column elementor-col-100 elementor-top-column elementor-element elementor-element-03ee53c\" data-id=\"03ee53c\" data-element_type=\"column\">\n\t\t\t<div class=\"elementor-column-wrap elementor-element-populated\">\n\t\t\t\t\t\t\t<div class=\"elementor-widget-wrap\">\n\t\t\t\t\t\t<div class=\"elementor-element elementor-element-bcccab3 elementor-widget elementor-widget-heading\" data-id=\"bcccab3\" data-element_type=\"widget\" data-widget_type=\"heading.default\">\n\t\t\t\t<div class=\"elementor-widget-container\">\n\t\t\t<h2 class=\"elementor-heading-title elementor-size-default\">\"DAL CUORE ATTRAVERSO LE MANI\"<\/h2>\t\t<\/div>\n\t\t\t\t<\/div>\n\t\t\t\t\t\t<\/div>\n\t\t\t\t\t<\/div>\n\t\t<\/div>\n\t\t\t\t\t\t\t\t<\/div>\n\t\t\t\t\t<\/div>\n\t\t<\/section>\n\t\t\t\t<section class=\"elementor-section elementor-top-section elementor-element elementor-element-3ff78df elementor-section-height-min-height elementor-section-items-top elementor-section-boxed elementor-section-height-default\" data-id=\"3ff78df\" data-element_type=\"section\" data-settings=\"{&quot;background_background&quot;:&quot;classic&quot;}\">\n\t\t\t\t\t\t\t<div class=\"elementor-background-overlay\"><\/div>\n\t\t\t\t\t\t\t<div class=\"elementor-container elementor-column-gap-default\">\n\t\t\t\t\t\t\t<div class=\"elementor-row\">\n\t\t\t\t\t<div class=\"elementor-column elementor-col-50 elementor-top-column elementor-element elementor-element-10242ec\" data-id=\"10242ec\" data-element_type=\"column\" data-settings=\"{&quot;background_background&quot;:&quot;classic&quot;}\">\n\t\t\t<div class=\"elementor-column-wrap elementor-element-populated\">\n\t\t\t\t\t\t\t<div class=\"elementor-widget-wrap\">\n\t\t\t\t\t\t<div class=\"elementor-element elementor-element-8f53e9e elementor-widget elementor-widget-image\" data-id=\"8f53e9e\" data-element_type=\"widget\" data-widget_type=\"image.default\">\n\t\t\t\t<div class=\"elementor-widget-container\">\n\t\t\t\t\t<div class=\"elementor-image\">\n\t\t\t\t\t\t\t\t\t\t<img loading=\"lazy\" decoding=\"async\" width=\"730\" height=\"721\" src=\"https:\/\/www.zanantoni.eu\/wp-content\/uploads\/2024\/04\/IMG_5899-e1712682249738.jpg\" class=\"attachment-large size-large\" alt=\"\" \/>\t\t\t\t\t\t\t\t\t\t\t<\/div>\n\t\t\t\t<\/div>\n\t\t\t\t<\/div>\n\t\t\t\t\t\t<\/div>\n\t\t\t\t\t<\/div>\n\t\t<\/div>\n\t\t\t\t<div class=\"elementor-column elementor-col-50 elementor-top-column elementor-element elementor-element-15e232e\" data-id=\"15e232e\" data-element_type=\"column\">\n\t\t\t<div class=\"elementor-column-wrap elementor-element-populated\">\n\t\t\t\t\t\t\t<div class=\"elementor-widget-wrap\">\n\t\t\t\t\t\t<div class=\"elementor-element elementor-element-3ccb08e elementor-widget elementor-widget-text-editor\" data-id=\"3ccb08e\" data-element_type=\"widget\" data-widget_type=\"text-editor.default\">\n\t\t\t\t<div class=\"elementor-widget-container\">\n\t\t\t\t\t<div class=\"elementor-text-editor elementor-clearfix\"><p class=\"p1\" style=\"text-align: justify;\"><span class=\"s1\">Questo motto racchiude la nostra essenza creativa.<\/span><span class=\"s2\"><br \/><\/span><span class=\"s1\">Non siamo designer canonici, non seguiamo il conformismo globalizzato\u00a0<\/span>e stereotipato, ma lavoriamo artigianalmente e offriamo una piccola e preziosa produzione, esclusiva e su misura.<\/p><p class=\"p1\" style=\"text-align: justify;\"><span class=\"s1\">Questo ci permette di curare nel dettaglio ogni nostra creazione.<\/span><span class=\"s2\"><br \/><\/span><\/p><p class=\"p2\" style=\"text-align: justify;\"><span class=\"s2\">La nostra scommessa \u00e8 quella di avvicinare elementi vintage alla contemporaneit\u00e0, affinch\u00e9 i nostri manufatti abbiano una vera e propria connotazione senza tempo.<\/span><\/p><p class=\"p1\" style=\"text-align: justify;\"><span class=\"s1\">Siamo Barbara e Silvia Zanantoni, due sorelle con la passione da sempre per la moda, in particolare per gli accessori perch\u00e9 riteniamo che siano proprio questi a dare carattere ad un outfit impreziosendolo e rendendolo unico, mai banale.<\/span><span class=\"s2\"><br \/><\/span><span class=\"s1\">Fin da bambine guardavamo con avidit\u00e0 le riviste di moda, immaginando\u00a0<\/span>di poter indossare abiti da sogno.<\/p><p class=\"p1\" style=\"text-align: justify;\"><span class=\"s1\">5 anni fa abbiamo deciso finalmente di ufficializzare il nostro sogno creativo.<\/span><span class=\"s2\"><br \/><\/span><span class=\"s1\">Barbara crea cappelli, soprattutto quelli in feltro, perch\u00e9 da un cono informe e, con solo vapore, riesce a dare vita a modelli unici, arricchendolo con passamanerie, nastri, piume ecc.<\/span><span class=\"s2\"><br \/><\/span><span class=\"s1\">La sua peculiarit\u00e0 \u00e8 la versatilit\u00e0, usare forme retr\u00f2 e renderle attuali.<\/span><\/p><p class=\"p1\" style=\"text-align: justify;\"><span class=\"s1\">Silvia si dedica con passione agli accessori, cerchietti, turbanti, colli, bandeau e capispalla in ecopelle, ed \u00e8 sempre alla ricerca di nuove idee, ama utilizzare la seta e i materiali pregiati.<\/span><span class=\"s2\"><br \/><\/span><span class=\"s1\">Il suo punto di forza \u00e8 la precisione e la ricerca continua di nuove ed accattivanti idee.<\/span><span class=\"s2\"><br \/><\/span><span class=\"s1\">Nel nostro team ci completiamo, lavoriamo sempre in sinergia nella elaborazione dei nostri progetti; i nostri ruoli sono distinti, ma appunto complementari: quando ci riuniamo per raccogliere le idee sui lavori confezionati separatamente, di solito e in breve, troviamo i giusti abbinamenti per \u201ccostruire\u201d l\u2019outfit definitivo.<\/span><span class=\"s2\"><br \/><\/span><span class=\"s1\">Dunque, la nostra passione unita alla nostra differente identit\u00e0 operativa sul tavolo di lavoro, sono il nostro punto di forza.<\/span><\/p><p class=\"p4\" style=\"text-align: justify;\">\u00a0<\/p><\/div>\n\t\t\t\t<\/div>\n\t\t\t\t<\/div>\n\t\t\t\t\t\t<\/div>\n\t\t\t\t\t<\/div>\n\t\t<\/div>\n\t\t\t\t\t\t\t\t<\/div>\n\t\t\t\t\t<\/div>\n\t\t<\/section>\n\t\t\t\t<section class=\"elementor-section elementor-top-section elementor-element elementor-element-db92924 elementor-section-boxed elementor-section-height-default elementor-section-height-default\" data-id=\"db92924\" data-element_type=\"section\">\n\t\t\t\t\t\t<div class=\"elementor-container elementor-column-gap-default\">\n\t\t\t\t\t\t\t<div class=\"elementor-row\">\n\t\t\t\t\t<div class=\"elementor-column elementor-col-100 elementor-top-column elementor-element elementor-element-5c272e0\" data-id=\"5c272e0\" data-element_type=\"column\">\n\t\t\t<div class=\"elementor-column-wrap elementor-element-populated\">\n\t\t\t\t\t\t\t<div class=\"elementor-widget-wrap\">\n\t\t\t\t\t\t<div class=\"elementor-element elementor-element-4060614 elementor-widget elementor-widget-heading\" data-id=\"4060614\" data-element_type=\"widget\" data-widget_type=\"heading.default\">\n\t\t\t\t<div class=\"elementor-widget-container\">\n\t\t\t<h2 class=\"elementor-heading-title elementor-size-default\">L' Atelier<\/h2>\t\t<\/div>\n\t\t\t\t<\/div>\n\t\t\t\t\t\t<\/div>\n\t\t\t\t\t<\/div>\n\t\t<\/div>\n\t\t\t\t\t\t\t\t<\/div>\n\t\t\t\t\t<\/div>\n\t\t<\/section>\n\t\t\t\t<section class=\"elementor-section elementor-top-section elementor-element elementor-element-67d1aee elementor-section-boxed elementor-section-height-default elementor-section-height-default elementor-invisible\" data-id=\"67d1aee\" data-element_type=\"section\" data-settings=\"{&quot;background_background&quot;:&quot;classic&quot;,&quot;animation&quot;:&quot;none&quot;}\">\n\t\t\t\t\t\t<div class=\"elementor-container elementor-column-gap-default\">\n\t\t\t\t\t\t\t<div class=\"elementor-row\">\n\t\t\t\t\t<div class=\"elementor-column elementor-col-50 elementor-top-column elementor-element elementor-element-4372760\" data-id=\"4372760\" data-element_type=\"column\">\n\t\t\t<div class=\"elementor-column-wrap elementor-element-populated\">\n\t\t\t\t\t\t\t<div class=\"elementor-widget-wrap\">\n\t\t\t\t\t\t<div class=\"elementor-element elementor-element-95919d6 animated-slow elementor-invisible elementor-widget elementor-widget-image\" data-id=\"95919d6\" data-element_type=\"widget\" data-settings=\"{&quot;_animation&quot;:&quot;bounceIn&quot;}\" data-widget_type=\"image.default\">\n\t\t\t\t<div class=\"elementor-widget-container\">\n\t\t\t\t\t<div class=\"elementor-image\">\n\t\t\t\t\t\t\t\t\t\t<img loading=\"lazy\" decoding=\"async\" width=\"730\" height=\"355\" src=\"https:\/\/www.zanantoni.eu\/wp-content\/uploads\/2021\/11\/20201208_174533-1536x747-1-1024x498.png\" class=\"attachment-large size-large\" alt=\"\" srcset=\"https:\/\/www.zanantoni.eu\/wp-content\/uploads\/2021\/11\/20201208_174533-1536x747-1-1024x498.png 1024w, https:\/\/www.zanantoni.eu\/wp-content\/uploads\/2021\/11\/20201208_174533-1536x747-1-300x146.png 300w, https:\/\/www.zanantoni.eu\/wp-content\/uploads\/2021\/11\/20201208_174533-1536x747-1-768x374.png 768w, https:\/\/www.zanantoni.eu\/wp-content\/uploads\/2021\/11\/20201208_174533-1536x747-1-600x292.png 600w, https:\/\/www.zanantoni.eu\/wp-content\/uploads\/2021\/11\/20201208_174533-1536x747-1.png 1536w\" sizes=\"(max-width: 730px) 100vw, 730px\" \/>\t\t\t\t\t\t\t\t\t\t\t<\/div>\n\t\t\t\t<\/div>\n\t\t\t\t<\/div>\n\t\t\t\t\t\t<\/div>\n\t\t\t\t\t<\/div>\n\t\t<\/div>\n\t\t\t\t<div class=\"elementor-column elementor-col-50 elementor-top-column elementor-element elementor-element-d4450f4\" data-id=\"d4450f4\" data-element_type=\"column\">\n\t\t\t<div class=\"elementor-column-wrap elementor-element-populated\">\n\t\t\t\t\t\t\t<div class=\"elementor-widget-wrap\">\n\t\t\t\t\t\t<div class=\"elementor-element elementor-element-79fd863 elementor-invisible elementor-widget elementor-widget-text-editor\" data-id=\"79fd863\" data-element_type=\"widget\" data-settings=\"{&quot;_animation&quot;:&quot;fadeInUp&quot;}\" data-widget_type=\"text-editor.default\">\n\t\t\t\t<div class=\"elementor-widget-container\">\n\t\t\t\t\t<div class=\"elementor-text-editor elementor-clearfix\"><p style=\"text-align: justify;\">Il nostro atelier \/ laboratorio si trova nella zona nord d TORINO, citt\u00e0 dai mille volti situata ai piedi delle Alpi.<\/p>\n<p style=\"text-align: justify;\">Per quasi tutto il 900 \u00e8 stata senza dubbio una delle capitali europee della moda insieme a Parigi.<\/p>\n<p style=\"text-align: justify;\">La forza del settore risiedeva infatti nell\u2019abilit\u00e0 sartoriale e nella sua avanguardia; il capoluogo piemontese ha da sempre dimostrato un naturale istinto verso tutto ci\u00f2 che \u00e8 innovazione.<\/p>\n<p style=\"text-align: justify;\">E\u2019 da sempre simbolo di eleganza e raffinatezza e la citt\u00e0 delle grandi eccellenze italiane, riconosciuta in tutto il mondo come portavoce dei valori del made in Italy.<\/p><\/div>\n\t\t\t\t<\/div>\n\t\t\t\t<\/div>\n\t\t\t\t\t\t<\/div>\n\t\t\t\t\t<\/div>\n\t\t<\/div>\n\t\t\t\t\t\t\t\t<\/div>\n\t\t\t\t\t<\/div>\n\t\t<\/section>\n\t\t\t\t\t\t<\/div>\n\t\t\t\t\t\t<\/div>\n\t\t\t\t\t<\/div>\n\t\t","protected":false},"excerpt":{"rendered":"<p>&#8220;EX CORDE IN MANIBUS&#8221; &#8220;DAL CUORE ATTRAVERSO LE MANI&#8221; Questo motto racchiude la nostra essenza creativa.Non siamo designer canonici, non seguiamo il conformismo globalizzato\u00a0e stereotipato, ma lavoriamo artigianalmente e offriamo una piccola e preziosa produzione, esclusiva e su misura. Questo&#8230; <\/p>\n<div class=\"readmore-section\"><a href=\"https:\/\/www.zanantoni.eu\/?page_id=72\"><input type=\"submit\" name=\"submit\" value=\"Continue reading&#8230;\" class=\"readmore-btn\" ><\/a><\/div>\n","protected":false},"author":1,"featured_media":0,"parent":0,"menu_order":0,"comment_status":"closed","ping_status":"closed","template":"template-full-width-page-builder.php","meta":{"footnotes":""},"aioseo_notices":[],"yoast_head":"<!-- This site is optimized with the Yoast SEO plugin v15.6.2 - https:\/\/yoast.com\/wordpress\/plugins\/seo\/ -->\r\n<title>Chi siamo - zanantoni Zanantoni Cappelli Artigianali Ex Corde in manibus<\/title>\r\n<meta name=\"description\" content=\"\u201cEx corde in manibus\u201d\u201cDal cuore attraverso le mani\u201dQuesto motto racchiude la nostra essenza creativa.Non siamo designer canonici, non seguiamo il conformismo globalizzato e stereotipato, ma lavoriamo artigianalmente e offriamo una piccola e preziosa produzione, esclusiva e su misura.Questo ci permette di curare nel dettaglio ogni nostra creazione.La nostra scommessa \u00e8 quella di avvicinare elementi vintage alla contemporaneit\u00e0, affinch\u00e9 i nostri manufatti abbiano una vera e propria connotazione senza tempo.\" \/>\r\n<meta name=\"robots\" content=\"index, follow, max-snippet:-1, max-image-preview:large, max-video-preview:-1\" \/>\r\n<link rel=\"canonical\" href=\"https:\/\/www.zanantoni.eu\/?page_id=72\" \/>\r\n<meta property=\"og:locale\" content=\"it_IT\" \/>\r\n<meta property=\"og:type\" content=\"article\" \/>\r\n<meta property=\"og:title\" content=\"Chi siamo - zanantoni Zanantoni Cappelli Artigianali Ex Corde in manibus\" \/>\r\n<meta property=\"og:description\" content=\"\u201cEx corde in manibus\u201d\u201cDal cuore attraverso le mani\u201dQuesto motto racchiude la nostra essenza creativa.Non siamo designer canonici, non seguiamo il conformismo globalizzato e stereotipato, ma lavoriamo artigianalmente e offriamo una piccola e preziosa produzione, esclusiva e su misura.Questo ci permette di curare nel dettaglio ogni nostra creazione.La nostra scommessa \u00e8 quella di avvicinare elementi vintage alla contemporaneit\u00e0, affinch\u00e9 i nostri manufatti abbiano una vera e propria connotazione senza tempo.\" \/>\r\n<meta property=\"og:url\" content=\"https:\/\/www.zanantoni.eu\/?page_id=72\" \/>\r\n<meta property=\"og:site_name\" content=\"zanantoni\" \/>\r\n<meta property=\"article:modified_time\" content=\"2024-04-11T17:55:17+00:00\" \/>\r\n<meta property=\"og:image\" content=\"http:\/\/www.zanantoni.eu\/wp-content\/uploads\/2024\/04\/IMG_5899-e1712682249738.jpg\" \/>\r\n<meta name=\"twitter:card\" content=\"summary_large_image\" \/>\r\n<meta name=\"twitter:label1\" content=\"Tempo di lettura stimato\">\n\t<meta name=\"twitter:data1\" content=\"3 minuti\">\r\n<script type=\"application\/ld+json\" class=\"yoast-schema-graph\">{\"@context\":\"https:\/\/schema.org\",\"@graph\":[{\"@type\":\"WebSite\",\"@id\":\"http:\/\/www.zanantoni.eu\/#website\",\"url\":\"http:\/\/www.zanantoni.eu\/\",\"name\":\"zanantoni\",\"description\":\"EX CORDE IN MANIBUS\",\"potentialAction\":[{\"@type\":\"SearchAction\",\"target\":\"http:\/\/www.zanantoni.eu\/?s={search_term_string}\",\"query-input\":\"required name=search_term_string\"}],\"inLanguage\":\"it-IT\"},{\"@type\":\"ImageObject\",\"@id\":\"https:\/\/www.zanantoni.eu\/?page_id=72#primaryimage\",\"inLanguage\":\"it-IT\",\"url\":\"http:\/\/www.zanantoni.eu\/wp-content\/uploads\/2024\/04\/IMG_5899-e1712682249738.jpg\"},{\"@type\":\"WebPage\",\"@id\":\"https:\/\/www.zanantoni.eu\/?page_id=72#webpage\",\"url\":\"https:\/\/www.zanantoni.eu\/?page_id=72\",\"name\":\"Chi siamo - zanantoni Zanantoni Cappelli Artigianali Ex Corde in manibus\",\"isPartOf\":{\"@id\":\"http:\/\/www.zanantoni.eu\/#website\"},\"primaryImageOfPage\":{\"@id\":\"https:\/\/www.zanantoni.eu\/?page_id=72#primaryimage\"},\"datePublished\":\"2019-07-01T07:03:44+00:00\",\"dateModified\":\"2024-04-11T17:55:17+00:00\",\"description\":\"\\u201cEx corde in manibus\\u201d\\u201cDal cuore attraverso le mani\\u201dQuesto motto racchiude la nostra essenza creativa.Non siamo designer canonici, non seguiamo il conformismo globalizzato e stereotipato, ma lavoriamo artigianalmente e offriamo una piccola e preziosa produzione, esclusiva e su misura.Questo ci permette di curare nel dettaglio ogni nostra creazione.La nostra scommessa \\u00e8 quella di avvicinare elementi vintage alla contemporaneit\\u00e0, affinch\\u00e9 i nostri manufatti abbiano una vera e propria connotazione senza tempo.\",\"inLanguage\":\"it-IT\",\"potentialAction\":[{\"@type\":\"ReadAction\",\"target\":[\"https:\/\/www.zanantoni.eu\/?page_id=72\"]}]}]}<\/script>\r\n<!-- \/ Yoast SEO plugin. -->","_links":{"self":[{"href":"https:\/\/www.zanantoni.eu\/index.php?rest_route=\/wp\/v2\/pages\/72"}],"collection":[{"href":"https:\/\/www.zanantoni.eu\/index.php?rest_route=\/wp\/v2\/pages"}],"about":[{"href":"https:\/\/www.zanantoni.eu\/index.php?rest_route=\/wp\/v2\/types\/page"}],"author":[{"embeddable":true,"href":"https:\/\/www.zanantoni.eu\/index.php?rest_route=\/wp\/v2\/users\/1"}],"replies":[{"embeddable":true,"href":"https:\/\/www.zanantoni.eu\/index.php?rest_route=%2Fwp%2Fv2%2Fcomments&post=72"}],"version-history":[{"count":310,"href":"https:\/\/www.zanantoni.eu\/index.php?rest_route=\/wp\/v2\/pages\/72\/revisions"}],"predecessor-version":[{"id":3704,"href":"https:\/\/www.zanantoni.eu\/index.php?rest_route=\/wp\/v2\/pages\/72\/revisions\/3704"}],"wp:attachment":[{"href":"https:\/\/www.zanantoni.eu\/index.php?rest_route=%2Fwp%2Fv2%2Fmedia&parent=72"}],"curies":[{"name":"wp","href":"https:\/\/api.w.org\/{rel}","templated":true}]}}